at are the prime factors of p?
2, 59, 269
Let a(v) = 2*v**2 - 12*v - 16. Let t = 51 - 35. What are the prime factors of a(t)?
2, 19
Suppose u - 34695 = 4302. What are the prime factors of u?
3, 7, 619
Suppose -2*q = 4*x - 5*x - 870, 4*x - 2*q = -3498. Let a = x - -1482. List the prime factors of a.
2, 3, 101
Suppose n + 3*p + 3 = 5*p, 3*p = 3*n + 18. Let h = n + 13. List the prime factors of h/1 - 404/(-4).
3, 5, 7
Let j = 79 - 77. What are the prime factors of j/39*-3 - (-98328)/312?
3, 5, 7
Suppose -116 = -22*s - 6. Suppose 0*f + 6*f - 486 = 0. Let x = s + f. What are the prime factors of x?
2, 43
Suppose -5*p + 11*j + 38482 = 13*j, -2*p - 3*j = -15395. List the prime factors of p.
2, 13, 37
Suppose 44 = 3*s + 2*r, -4*r = 5*s - 6*r - 84. List the prime factors of (128/24)/s + (-725)/(-3).
2, 11
Let i be (1126/6)/((12/9)/4). Suppose -12*m = -2425 - i. What are the prime factors of m?
3, 83
Let o = -2015 + 3240. Suppose -o = -5*l + 6*p - p, 3*l - 723 = -3*p. Suppose 135 = 7*v - l. List the prime factors of v.
2, 3
Suppose -4*n - 4*u + 332 = 0, 0*u = 4*n - 2*u - 350. Let v(z) = 24*z + 49. Let a be v(6). Let x = a - n. List the prime factors of x.
107
Let w = 63 + -223. List the prime factors of (15/2)/((-30)/w).
2, 5
Suppose 0 = 13*t - t - 2280. List the prime factors of (-45)/(-105) - t/(-14).
2, 7
Suppose -15*c + 19*c - 3*o = 20243, -3*c + 15183 = -3*o. What are the prime factors of c?
2, 5, 11, 23
Suppose 0 = -13*f - 0*f + 26. Suppose -3*k + 2*p - 4*p + 1206 = 0, f*k - 804 = -4*p. What are the prime factors of k?
2, 3, 67
Suppose -25 + 40 = 5*x, -3*n + 21459 = -4*x. What are the prime factors of n?
17, 421
Let n = -2884 + 10828. List the prime factors of n.
2, 3, 331
Let g(b) = -2 - 3*b + 10*b**2 + 0*b + 4*b - 12. Let u be g(-7). Let a = u - 318. What are the prime factors of a?
151
Suppose 7*c = 2*c + 2*y - 26, -2*c - 2*y = 2. Let d be c/((-16)/388) + 2. Suppose 0 = 3*f + j - 0*j - d, 5*f - 2*j - 165 = 0. List the prime factors of f.
3, 11
Let q(a) = a**3 + 43*a**2 + 126*a - 486. List the prime factors of q(-27).
2, 3
Let p = 21538 + -11688. List the prime factors of p.
2, 5, 197
Let y be ((-6)/8 - -1)/((-1)/(-28)). Let s = y + -3. Suppose 306 = s*p - 58. What are the prime factors of p?
7, 13
Suppose -189*x - 772616 = -262*x - 226*x. List the prime factors of x.
2, 17, 19
Suppose -2*j = -4*f + 180, 3*f - 4*f + 45 = 5*j. Suppose -f = 6*p - 9*p. Let a = -12 + p. What are the prime factors of a?
3
List the prime factors of (-15 + -17)/8 - -1*18945.
13, 31, 47
What are the prime factors of (1375/(-50) - -26)*-25230?
3, 5, 29
Let n = -3154 + 15303. List the prime factors of n.
12149
Suppose -23*q + 10*q = 546. List the prime factors of (-7)/(q/(-18)) + 449.
2, 223
Let c(l) = -11*l - 19. Let m(r) = 3*r + 10. Let o(w) = 3*c(w) + 5*m(w). Suppose 5*j + 21 + 4 = 0. List the prime factors of o(j).
83
Suppose -5*m + 8971 = 2*r, -5*m = -4*m - r - 1797. Let n = m + -1105. What are the prime factors of n?
2, 3, 5, 23
Let h(s) = -7*s**2 + 11*s - 14. Let m(c) = -13*c**2 + 23*c - 29. Let z(b) = -9*h(b) + 4*m(b). Let v = 3 + 0. What are the prime factors of z(v)?
2, 11
What are the prime factors of 16 + (-103602 + 0)/(-3)?
2, 5, 691
Let h = 401 + -1121. What are the prime factors of h/(-108)*(-1062)/(-4)?
2, 3, 5, 59
Let t(j) = 560*j**3 + 8*j**2 + 3*j - 14. What are the prime factors of t(3)?
15187
Let u = 5844 - 4101. Let w = -957 + u. What are the prime factors of w?
2, 3, 131
Let u = -27 + 17. Let t = -10 - u. Suppose n - 114 + 26 = t. List the prime factors of n.
2, 11
Let n(x) = -59 - 2*x - 22*x**3 + 20 - 35*x**3 + 19 + 25. List the prime factors of n(-2).
3, 5, 31
List the prime factors of 296/962 + 1827*(-2994)/(-78).
19, 3691
Let f = 1567 + -2221. Let b = -374 - f. List the prime factors of b.
2, 5, 7
What are the prime factors of 7 - (-26728)/12 - 1/3?
2, 1117
Let b be ((3 - 6) + 3)*9/9. Suppose b = 14*z - 774 - 542. Suppose -z = -3*l + 227. What are the prime factors of l?
107
Let v = -41 + 45. Suppose -3*q - 3*h - 70 = -463, -v*q + 5*h + 569 = 0. Suppose q + 296 = 8*d. List the prime factors of d.
2, 3
Let c(q) = q + 36. Let w be c(-6). Suppose 5*s - w = -5*s. List the prime factors of (-4)/2*s/((-12)/496).
2, 31
Let k be 1*(-1 - (-2 - -4))*1. Let f(q) = -q**3 - q**2 - q + 7. What are the prime factors of f(k)?
2, 7
Suppose -1310*f + 8008 = -1303*f. Suppose -f = -l - 10*l. What are the prime factors of l?
2, 13
Suppose 2*m + 218 = -5*x, -5*m - 2*x - 227 = 276. Let v = 105 + m. What are the prime factors of (1 - (-3)/v)/(1/18)?
3
Suppose -65*v - 293228 = -194*v + 162271. List the prime factors of v.
3, 11, 107
Suppose -12*d + 11*d + 216 = 0. Suppose -2*l - 10*l = -d. Suppose -3*o = -l - 741. List the prime factors of o.
11, 23
Let g(b) = -246*b - 201. Let d be g(-5). Suppose -6*l = -d + 177. List the prime factors of l.
2, 71
List the prime factors of 77384/10 - (-84)/(-60).
3, 2579
Suppose 0 = -3*f - 12, -1430 = -5*i - 5*f + 6025. Suppose 9*v - i = 6461. List the prime factors of v.
2, 13, 17
Let g(j) be the third derivative of 11*j**5/20 + 5*j**4/8 + 47*j**3/6 - 9*j**2 - 2. What are the prime factors of g(-4)?
5, 103
List the prime factors of (-1)/((-2)/12410)*(6 - -15 - 20).
5, 17, 73
Let u(t) = -t + 4. Let h be u(-17). Suppose -24*y + h*y = -651. List the prime factors of y.
7, 31
Let c(d) = 87*d - 21. Let j(r) = -r**3 + 42*r**2 - 39*r - 77. Let h be j(41). List the prime factors of c(h).
2, 3, 23
Let x be 5*((-14)/10 - 24/(-40)). What are the prime factors of ((-2)/x)/(1*4/2680)?
5, 67
What are the prime factors of ((-5947)/418)/(1/(-520)) - (-2)/(-11)?
2, 3, 137
Suppose 61*o + 2787 = 64*o. Suppose -231 - o = -8*f. List the prime factors of f.
5, 29
Let j be 272/(-48)*(-3 - 0). Let t = j - -2. Suppose -141 = -l + 4*v, -2*v + 583 - t = 4*l. What are the prime factors of l?
3, 47
Let c(n) = -n + 423. Let k be c(0). Let v = k + -89. What are the prime factors of v?
2, 167
Suppose -15 - 170 = -5*h. Let u = -35 + h. List the prime factors of 53/u*(-1 - -7).
3, 53
Suppose -3*g - 19*l + 12980 = -24*l, 5*l + 17300 = 4*g. List the prime factors of g.
2, 3, 5
Let j be (-132)/32 + (-7)/(-56). List the prime factors of 64/12*((-1314)/j)/3.
2, 73
Suppose 109536 = 4*k + z, 15*k - 10*k - 13*z - 136863 = 0. List the prime factors of k.
139, 197
Suppose 6*v = 96 - 84. Suppose d = 3*y - 212, -118 = -v*y - 5*d - 5. What are the prime factors of y?
3, 23
Suppose -133 + 132 = -x, -4*x = 2*y - 7290. What are the prime factors of y?
3643
Let w be -6*(-7)/(-42)*-3. Suppose w*s + 4*y = 2869, 64*y = s + 59*y - 950. List the prime factors of s.
5, 191
Let d = 540 + -1263. Let y = 1261 + d. List the prime factors of y.
2, 269
Let l(m) = 54*m**3 + 148*m**2 - 1334*m - 2. List the prime factors of l(9).
2, 103, 191
Suppose 2*a = 150*z - 147*z + 13448, 4*a - 26918 = -5*z. What are the prime factors of a?
7, 31
Let u = -111 - -223. Let s = u + -113. List the prime factors of 9*282/12 + s/2.
211
Suppose 45*t - 1696163 = -119*t + 491597. List the prime factors of t.
2, 5, 23, 29
Let a(l) be the first derivative of l**4/4 - 16*l**3/3 + 2*l**2 - 9*l - 39. List the prime factors of a(16).
5, 11
Let t be (-1)/(-5) - 3032/(-40). Let a be t + 1 + -14 + 12. Let i = 17 + a. List the prime factors of i.
2, 23
Suppose 920 = a + 37*q - 39*q, 0 = -2*a - 4*q + 1840. Let b = a - 483. List the prime factors of b.
19, 23
Let x(p) be the third derivative of p**4/24 + 7*p**3/2 - 3*p**2. Suppose -11 = -9*j - 65. What are the prime factors of x(j)?
3, 5
Suppose -5992 = -5*x + 4*k, -4*x + 112*k + 4769 = 117*k. List the prime factors of x.
2, 13, 23
Let u = -1371 - -9350. What are the prime factors of u?
79, 101
Suppose 8344 + 4594 + 42726 = 2*u. List the prime factors of u.
2, 7, 71
Suppose -4*d + 44078 = -3*c, d - 2*c = -c + 11021. What are the prime factors of d?
5, 2203
Let t(l) = -l**2 + 12*l + 6. Let r be t(12). Let b(d) = 64*d + 44. What are the prime factors of b(r)?
2, 107
Suppose b = -5*p - 12, 3*p + 18 = 5*b - 2*b. Suppose 357 = 4*k + c, b*k + 4*c = 2*k + 78. Suppose k = -3*q + 8*q. List the prime factors of q.
2, 3
Let m(b) = b**3 - b**2 + 2*b + 5565. Let j be m(0). Suppose -5*q = -g - j, -4*q + 4*g - 340 = -4808. What are the prime factors of q?
2, 139
Let k = -8537 - -51433. What 